{"id":366,"date":"2018-10-26T13:19:41","date_gmt":"2018-10-26T11:19:41","guid":{"rendered":"http:\/\/k-ross.beebox.de\/cms\/?page_id=366"},"modified":"2018-12-27T14:58:12","modified_gmt":"2018-12-27T13:58:12","slug":"tinnitus-hyperakusis","status":"publish","type":"page","link":"https:\/\/www.hno-tinnitus-freiburg.de\/cms\/tinnitus-therapie\/tinnitus-hyperakusis\/","title":{"rendered":"Tinnitus &#038; Hyperakusis"},"content":{"rendered":"<p>[et_pb_section bb_built=&#8220;1&#8243; next_background_color=&#8220;#ffffff&#8220; _builder_version=&#8220;3.17.4&#8243; background_color=&#8220;rgba(255,179,86,0.43)&#8220; background_image=&#8220;https:\/\/www.hno-tinnitus-freiburg.de\/cms\/wp-content\/uploads\/2018\/10\/Tinitus-1920&#215;820.jpg&#8220;][et_pb_row _builder_version=&#8220;3.17.4&#8243; module_alignment=&#8220;center&#8220;][et_pb_column type=&#8220;4_4&#8243;][et_pb_text _builder_version=&#8220;3.17.4&#8243; header_2_font=&#8220;Lato|900||on|||||&#8220; header_2_text_color=&#8220;#ffffff&#8220; header_2_letter_spacing=&#8220;4px&#8220; header_2_line_height=&#8220;1.2em&#8220;]<\/p>\n<h2 style=\"text-align: left;\">Information zu Tinnitus und Hyperakusis<\/h2>\n<p>[\/et_pb_text][\/et_pb_column][\/et_pb_row][\/et_pb_section][et_pb_section bb_built=&#8220;1&#8243; admin_label=&#8220;About Me&#8220; next_background_color=&#8220;#000000&#8243; _builder_version=&#8220;3.17.4&#8243; background_color=&#8220;#ffffff&#8220; custom_padding=&#8220;||50px|&#8220; bottom_divider_flip=&#8220;horizontal&#8220; custom_padding_last_edited=&#8220;on|tablet&#8220; prev_background_color=&#8220;rgba(255,179,86,0.43)&#8220; custom_padding_tablet=&#8220;0px||50px|&#8220;][et_pb_row _builder_version=&#8220;3.17.4&#8243; custom_padding=&#8220;0px|||&#8220;][et_pb_column type=&#8220;1_2&#8243;][et_pb_text admin_label=&#8220;Was ist Tinnitus?&#8220; _builder_version=&#8220;3.17.4&#8243; text_font=&#8220;|900|||||||&#8220; header_2_font=&#8220;Lato|900||on|||||&#8220; header_2_text_color=&#8220;#5e5e5e&#8220; header_2_letter_spacing=&#8220;2px&#8220; header_2_line_height=&#8220;1.2em&#8220; header_6_font=&#8220;Lato|700|||||||&#8220; header_6_text_color=&#8220;#737a7a&#8220; header_6_font_size=&#8220;18px&#8220; header_6_letter_spacing=&#8220;1px&#8220; header_6_line_height=&#8220;1.8em&#8220; max_width=&#8220;600px&#8220; module_alignment=&#8220;left&#8220; custom_margin=&#8220;30px||30px||true|false&#8220; custom_padding=&#8220;|||&#8220; custom_padding_tablet=&#8220;|0vw||0vw||true&#8220; custom_padding_phone=&#8220;|||||false&#8220; custom_padding_last_edited=&#8220;off|desktop&#8220; animation_style=&#8220;slide&#8220; animation_direction=&#8220;bottom&#8220; animation_intensity_slide=&#8220;5%&#8220; header_font_size=&#8220;20px&#8220; header_2_font_size=&#8220;20px&#8220;]<\/p>\n<h2>Was ist Tinnitus?<\/h2>\n<p>[\/et_pb_text][et_pb_text _builder_version=&#8220;3.17.4&#8243; text_font=&#8220;Lato||||||||&#8220; text_font_size=&#8220;16px&#8220; text_line_height=&#8220;1.8em&#8220; link_font=&#8220;|700|||||||&#8220; link_text_color=&#8220;#ffffff&#8220; ul_line_height=&#8220;1.8em&#8220; header_2_font=&#8220;Lato|700|||||||&#8220; header_2_font_size=&#8220;30px&#8220; header_2_font_size_phone=&#8220;22px&#8220; header_2_font_size_last_edited=&#8220;on|phone&#8220; header_2_letter_spacing=&#8220;1px&#8220; header_2_line_height=&#8220;1.5em&#8220; custom_margin=&#8220;||0px|&#8220; animation_style=&#8220;slide&#8220; animation_direction=&#8220;bottom&#8220; animation_intensity_slide=&#8220;5%&#8220;]<\/p>\n<p>Unter Tinnitus (<em>von lat. tinnire = klingeln<\/em>) versteht man Ohrger\u00e4usche, die ohne \u00e4u\u00dfere Schallquellen in den Ohren oder im Kopf lokalisiert wahrgenommen werden. Teilweise ist auch ein Druck auf den Ohren damit verbunden.<\/p>\n<p>Solche Ger\u00e4usche nehmen ca. 10% der deutschen Bundesb\u00fcrger in ihrem Leben permanent wahr, ohne eine wesentliche Einschr\u00e4nkung der Lebensqualit\u00e4t. Dagegen leiden etwa 0,5-1% der Bev\u00f6lkerung unter chronischem Tinnitus mit erheblicher Einschr\u00e4nkung der Lebensqualit\u00e4t in privaten und beruflichen Bereichen, Schlaf- und Konzentrationsst\u00f6rungen sowie sozialer Isolation.<\/p>\n<p>[\/et_pb_text][\/et_pb_column][et_pb_column type=&#8220;1_2&#8243;][et_pb_text admin_label=&#8220;Tinnitus-Formen&#8220; _builder_version=&#8220;3.17.4&#8243; text_font=&#8220;|900|||||||&#8220; header_2_font=&#8220;Lato|900||on|||||&#8220; header_2_text_color=&#8220;#5e5e5e&#8220; header_2_letter_spacing=&#8220;2px&#8220; header_2_line_height=&#8220;1.2em&#8220; header_6_font=&#8220;Lato|700|||||||&#8220; header_6_text_color=&#8220;#737a7a&#8220; header_6_font_size=&#8220;18px&#8220; header_6_letter_spacing=&#8220;1px&#8220; header_6_line_height=&#8220;1.8em&#8220; max_width=&#8220;600px&#8220; module_alignment=&#8220;left&#8220; custom_margin=&#8220;30px||30px||true|false&#8220; custom_padding=&#8220;|||&#8220; custom_padding_tablet=&#8220;|0vw||0vw||true&#8220; custom_padding_phone=&#8220;|||||false&#8220; custom_padding_last_edited=&#8220;off|desktop&#8220; animation_style=&#8220;slide&#8220; animation_direction=&#8220;bottom&#8220; animation_intensity_slide=&#8220;5%&#8220; header_font_size=&#8220;20px&#8220; header_2_font_size=&#8220;20px&#8220; header_4_text_color=&#8220;#5e5e5e&#8220; header_2_text_shadow_vertical_length=&#8220;0.1em&#8220; header_2_text_shadow_blur_strength=&#8220;0.1em&#8220;]<\/p>\n<h2>Tinnitus-Formen<\/h2>\n<p>[\/et_pb_text][et_pb_toggle admin_label=&#8220;Objektiver Tinnitus&#8220; title=&#8220;Objektiver Tinnitus&#8220; open_toggle_background_color=&#8220;#ffffff&#8220; closed_toggle_background_color=&#8220;#ffbf72&#8243; icon_color=&#8220;#d37e00&#8243; _builder_version=&#8220;3.17.6&#8243; title_font=&#8220;Lato|700|||||||&#8220; title_line_height=&#8220;1.5em&#8220; body_font_size=&#8220;16px&#8220; body_line_height=&#8220;2em&#8220; custom_margin=&#8220;||0px|&#8220; animation_style=&#8220;slide&#8220; animation_direction=&#8220;top&#8220; animation_intensity_slide=&#8220;10%&#8220; border_color_all=&#8220;#d37e00&#8243;]<\/p>\n<p>Objektiver (mith\u00f6rbarer) Tinnitus. Diese seltenen Ohrger\u00e4usche sind auch von anderen h\u00f6rbar (z.B. mittels Stethoskop des Arztes), da sie von inneren K\u00f6rperschallquellen nahe dem Innenohr des Betroffenen stammen (z.B. gef\u00e4\u00df- und muskelbedingte Ger\u00e4usche). Meist lassen sie sich operativ oder medikament\u00f6s behandeln.<\/p>\n<p>[\/et_pb_toggle][et_pb_toggle admin_label=&#8220;Subjektiver Tinnitus&#8220; title=&#8220;Subjektiver Tinnitus&#8220; open_toggle_background_color=&#8220;#ffffff&#8220; closed_toggle_background_color=&#8220;#ffcf96&#8243; icon_color=&#8220;#d37e00&#8243; _builder_version=&#8220;3.17.6&#8243; title_font=&#8220;Lato|700|||||||&#8220; title_line_height=&#8220;1.5em&#8220; body_font_size=&#8220;16px&#8220; body_line_height=&#8220;2em&#8220; custom_margin=&#8220;||0px|&#8220; animation_style=&#8220;slide&#8220; animation_direction=&#8220;top&#8220; animation_intensity_slide=&#8220;10%&#8220; border_color_all=&#8220;#d37e00&#8243;]<\/p>\n<p>Subjektiver (nicht-mith\u00f6rbarer) Tinnitus. Diese, h\u00e4ufigste Tinnitus-Form ist nur vom Betroffenen selbst wahrnehmbar und ist Ausdruck einer besonderen, st\u00f6renden Informationsbildung im H\u00f6rsystem. Die nachfolgenden Informationen und Therapieangebote beziehen sich speziell auf diese Tinnitus-Form.<\/p>\n<p>[\/et_pb_toggle][et_pb_toggle admin_label=&#8220;Akuter Tinnitus&#8220; title=&#8220;Akuter Tinnitus&#8220; open_toggle_background_color=&#8220;#ffffff&#8220; closed_toggle_background_color=&#8220;#ffd8ad&#8220; icon_color=&#8220;#d37e00&#8243; _builder_version=&#8220;3.17.6&#8243; title_font=&#8220;Lato|700|||||||&#8220; title_line_height=&#8220;1.5em&#8220; body_font_size=&#8220;16px&#8220; body_line_height=&#8220;2em&#8220; custom_margin=&#8220;||0px|&#8220; animation_style=&#8220;slide&#8220; animation_direction=&#8220;top&#8220; animation_intensity_slide=&#8220;10%&#8220; border_color_all=&#8220;#d37e00&#8243;]<\/p>\n<p>Akuter Tinnitus. Der Tinnitus besteht weniger als 3 Monate. Untersuchungen (HNO-\u00e4rztlich, kernspintomografisch, zahn\u00e4rztlich-gnathologisch, manualtherapeutisch) sollten v.a. strukturelle Organver\u00e4nderungen abkl\u00e4ren. Behandlung mittels durchblutungsf\u00f6rdernder Infusionen, Kortison und ggf. hyperbare Sauerstoffbehandlung<br \/>HBO; Information z.B. unter <strong><a href=\"http:\/\/www.vdd-hbo.de\" target=\"_blank\" rel=\"noopener\">http:\/\/www.vdd-hbo.de<\/a> <\/strong>oder <strong><a href=\"http:\/\/www.hbo-freiburg.de\" target=\"_blank\" rel=\"noopener\">www.hbo-freiburg.de<\/a> <\/strong>und Manualtherapie.<\/p>\n<p>[\/et_pb_toggle][et_pb_toggle admin_label=&#8220;Subakuter Tinnitus&#8220; title=&#8220;Subakuter Tinnitus&#8220; open_toggle_background_color=&#8220;#ffffff&#8220; closed_toggle_background_color=&#8220;#ffe1c4&#8243; icon_color=&#8220;#d37e00&#8243; _builder_version=&#8220;3.17.4&#8243; title_font=&#8220;Lato|700|||||||&#8220; title_line_height=&#8220;1.5em&#8220; body_font_size=&#8220;16px&#8220; body_line_height=&#8220;2em&#8220; custom_margin=&#8220;||0px|&#8220; animation_style=&#8220;slide&#8220; animation_direction=&#8220;top&#8220; animation_intensity_slide=&#8220;10%&#8220; border_color_all=&#8220;#d37e00&#8243;]<\/p>\n<p>Subakuter Tinnitus. Der Tinnitus besteht mehr als 3 Monate bis zu einem Jahr. Neben der Ursachenabkl\u00e4rung ist hier eine umfassende Betreuung durch den HNO-Arzt erforderlich. Insbesondere sollten Wege aufgezeigt werden, wie der Betroffene im Alltag mit dem Ohrger\u00e4usch besser umgehen kann. Entspannungverfahren, ggf. erg\u00e4nzt durch psychotherapeutische Kurzinterventionen k\u00f6nnen hier sinnvoll sein.<\/p>\n<p>[\/et_pb_toggle][et_pb_toggle admin_label=&#8220;Chronischer Tinnitus&#8220; title=&#8220;Chronischer Tinnitus&#8220; open_toggle_background_color=&#8220;#ffffff&#8220; closed_toggle_background_color=&#8220;#ffe8d8&#8243; icon_color=&#8220;#d37e00&#8243; _builder_version=&#8220;3.17.6&#8243; title_font=&#8220;Lato|700|||||||&#8220; title_line_height=&#8220;1.5em&#8220; body_font_size=&#8220;16px&#8220; body_line_height=&#8220;2em&#8220; custom_margin=&#8220;||0px|&#8220; animation_style=&#8220;slide&#8220; animation_direction=&#8220;top&#8220; animation_intensity_slide=&#8220;10%&#8220; border_color_all=&#8220;#d37e00&#8243;]<\/p>\n<p>Der Chronische Tinnitus besteht l\u00e4nger als 1 Jahr. Chronisch bedeutet nicht unheilbar oder hoffnungslos krank! Vielmehr entspringt die Einteilung in &#8222;akut&#8220;, \u201esubakut\u201c und &#8222;chronisch&#8220; pragmatischen Gesichtspunkten in Hinblick auf die jeweils erforderliche Handlungsweise des betreuenden Arztes. Die Grenze von akut zu chronisch in Bezug auf die <strong><a href=\"https:\/\/www.hno-tinnitus-freiburg.de\/cms\/tinnitus-therapie\/tinnitus-entstehung\/\">fun<\/a><a href=\"https:\/\/www.hno-tinnitus-freiburg.de\/cms\/tinnitus-therapie\/tinnitus-entstehung\/\">ktionellen<\/a><a href=\"https:\/\/www.hno-tinnitus-freiburg.de\/cms\/tinnitus-therapie\/tinnitus-entstehung\/\"> Ver\u00e4nderungen innerhalb der H\u00f6rbahn<\/a><\/strong> ist flie\u00dfend. W\u00e4hrend im ersten Fall die medizinische Behandlung mit Medikamenten im Vordergrund steht, ist im zweiten Fall die Mitarbeit und Selbstverantwortung des Betroffenen Grundvoraussetzung f\u00fcr die erfolgreiche Umgestaltung der fehlerhaften H\u00f6rverarbeitung im Rahmen der modernen Tinnitus-Therapie.<\/p>\n<p>Chronischer Tinnitus kann zudem kompensiert (ertragbar) oder dekompensiert (belastend) sein. Zur individuellen Einsch\u00e4tzung des Belastungsgrades nach standardisierten Kriterien setzen wir den Tinnitus-Fragebogen (Goebel &amp; Hiller 1998) ein.<\/p>\n<p>[\/et_pb_toggle][\/et_pb_column][\/et_pb_row][et_pb_row][et_pb_column type=&#8220;4_4&#8243;][et_pb_divider _builder_version=&#8220;3.17.4&#8243; height=&#8220;5px&#8220; \/][et_pb_text admin_label=&#8220;Hyperakusis&#8220; _builder_version=&#8220;3.17.4&#8243; text_font=&#8220;|900|||||||&#8220; header_2_font=&#8220;Lato|900||on|||||&#8220; header_2_text_color=&#8220;#5e5e5e&#8220; header_2_letter_spacing=&#8220;2px&#8220; header_2_line_height=&#8220;1.2em&#8220; header_6_font=&#8220;Lato|700|||||||&#8220; header_6_text_color=&#8220;#737a7a&#8220; header_6_font_size=&#8220;18px&#8220; header_6_letter_spacing=&#8220;1px&#8220; header_6_line_height=&#8220;1.8em&#8220; max_width=&#8220;600px&#8220; module_alignment=&#8220;left&#8220; custom_margin=&#8220;30px||30px||true|false&#8220; custom_padding=&#8220;|||&#8220; custom_padding_tablet=&#8220;|0vw||0vw||true&#8220; custom_padding_phone=&#8220;|||||false&#8220; custom_padding_last_edited=&#8220;off|desktop&#8220; animation_style=&#8220;slide&#8220; animation_direction=&#8220;bottom&#8220; animation_intensity_slide=&#8220;5%&#8220; header_font_size=&#8220;20px&#8220; header_2_font_size=&#8220;20px&#8220; header_4_text_color=&#8220;#5e5e5e&#8220; header_2_text_shadow_vertical_length=&#8220;0.1em&#8220; header_2_text_shadow_blur_strength=&#8220;0.1em&#8220;]<\/p>\n<h2>Hyperakusis<\/h2>\n<h4>(Ger\u00e4uschempfindlichkeit)<\/h4>\n<p>[\/et_pb_text][et_pb_text _builder_version=&#8220;3.17.4&#8243; text_font=&#8220;Lato||||||||&#8220; text_font_size=&#8220;16px&#8220; text_line_height=&#8220;1.8em&#8220; link_font=&#8220;|700|||||||&#8220; link_text_color=&#8220;#ffffff&#8220; ul_line_height=&#8220;1.8em&#8220; header_2_font=&#8220;Lato|700|||||||&#8220; header_2_font_size=&#8220;30px&#8220; header_2_font_size_phone=&#8220;22px&#8220; header_2_font_size_last_edited=&#8220;on|phone&#8220; header_2_letter_spacing=&#8220;1px&#8220; header_2_line_height=&#8220;1.5em&#8220; custom_margin=&#8220;||0px|&#8220; animation_style=&#8220;slide&#8220; animation_direction=&#8220;bottom&#8220; animation_intensity_slide=&#8220;5%&#8220;]<\/p>\n<p>Etwa 40% der Tinnitus-Betroffenen bemerken eine besondere Empfindlichkeit auf normale Umgebungsger\u00e4usche (z.B. Stra\u00dfenl\u00e4rm), die mit psycho-vegetativen Reaktionen wie Herzrasen, Schwei\u00dfausbruch, Unruhe oder Angst einhergeht (Hyperakusis). Ursache ist meist eine vermehrte Durchl\u00e4ssigkeit zentralnerv\u00f6ser H\u00f6rfilter. Die St\u00f6rung l\u00e4sst sich durch eine spezielle H\u00f6rtherapie rasch beheben.<\/p>\n<p>[\/et_pb_text][\/et_pb_column][\/et_pb_row][\/et_pb_section][et_pb_section bb_built=&#8220;1&#8243; admin_label=&#8220;Services&#8220; _builder_version=&#8220;3.17.2&#8243; custom_padding=&#8220;0px|0px|0px|0px&#8220; prev_background_color=&#8220;#ffffff&#8220; use_background_color_gradient=&#8220;on&#8220; background_color_gradient_start=&#8220;#ffcf96&#8243; background_color_gradient_end=&#8220;#ffb356&#8243; global_module=&#8220;407&#8243;][et_pb_row global_parent=&#8220;407&#8243; make_fullwidth=&#8220;on&#8220; use_custom_gutter=&#8220;on&#8220; gutter_width=&#8220;1&#8243; custom_padding=&#8220;0px|0px|0px|0px&#8220; make_equal=&#8220;on&#8220; background_color_4=&#8220;#d9dfe4&#8243; padding_top_bottom_link_1=&#8220;false&#8220; padding_top_bottom_link_2=&#8220;false&#8220; padding_top_bottom_link_3=&#8220;false&#8220; padding_top_bottom_link_4=&#8220;false&#8220; padding_left_right_link_1=&#8220;true&#8220; padding_left_right_link_2=&#8220;true&#8220; padding_left_right_link_3=&#8220;true&#8220; padding_left_right_link_4=&#8220;true&#8220; use_background_color_gradient_4=&#8220;on&#8220; background_color_gradient_start_1=&#8220;#ffd088&#8243; background_color_gradient_start_2=&#8220;#ffd088&#8243; background_color_gradient_start_3=&#8220;#ffd088&#8243; background_color_gradient_start_4=&#8220;#ffd088&#8243; background_color_gradient_end_1=&#8220;#ffb356&#8243; background_color_gradient_end_2=&#8220;#ffbe6b&#8220; background_color_gradient_end_3=&#8220;#ffc882&#8243; background_color_gradient_end_4=&#8220;#ffd6a0&#8243; background_color_gradient_start_position_4=&#8220;0%&#8220; background_color_gradient_end_position_1=&#8220;70%&#8220; background_color_gradient_end_position_2=&#8220;70%&#8220; background_color_gradient_end_position_3=&#8220;70%&#8220; background_color_gradient_end_position_4=&#8220;70%&#8220; padding_top_1=&#8220;80px&#8220; padding_top_2=&#8220;70px&#8220; padding_top_3=&#8220;60px&#8220; padding_top_4=&#8220;50px&#8220; padding_right_1=&#8220;40px&#8220; padding_right_2=&#8220;40px&#8220; padding_right_3=&#8220;40px&#8220; padding_right_4=&#8220;40px&#8220; padding_bottom_1=&#8220;150px&#8220; padding_bottom_2=&#8220;150px&#8220; padding_bottom_3=&#8220;150px&#8220; padding_bottom_4=&#8220;150px&#8220; padding_left_1=&#8220;40px&#8220; padding_left_2=&#8220;40px&#8220; padding_left_3=&#8220;40px&#8220; padding_left_4=&#8220;40px&#8220; padding_1_tablet=&#8220;20px||60px|&#8220; padding_2_tablet=&#8220;20px||60px|&#8220; padding_3_tablet=&#8220;60px|||&#8220; padding_4_tablet=&#8220;60px|||&#8220; padding_1_phone=&#8220;60px||60px||true&#8220; padding_2_phone=&#8220;60px||60px||true&#8220; padding_3_phone=&#8220;60px||60px||true&#8220; padding_4_phone=&#8220;60px|||&#8220; padding_1_last_edited=&#8220;on|desktop&#8220; padding_2_last_edited=&#8220;on|phone&#8220; padding_3_last_edited=&#8220;on|phone&#8220; padding_4_last_edited=&#8220;on|phone&#8220; _builder_version=&#8220;3.17.2&#8243; background_size_2=&#8220;contain&#8220; background_repeat_2=&#8220;no-repeat&#8220; background_color=&#8220;#ffb356&#8243; use_background_color_gradient=&#8220;on&#8220; background_color_gradient_start=&#8220;#ffb356&#8243; background_color_gradient_end=&#8220;#ffcf96&#8243;][et_pb_column type=&#8220;1_3&#8243;][\/et_pb_column][et_pb_column type=&#8220;1_3&#8243;][\/et_pb_column][et_pb_column type=&#8220;1_3&#8243;][\/et_pb_column][\/et_pb_row][\/et_pb_section]<\/p>\n","protected":false},"excerpt":{"rendered":"<p>Information zu Tinnitus und Hyperakusis Was ist Tinnitus? Unter Tinnitus (von lat. tinnire = klingeln) versteht man Ohrger\u00e4usche, die ohne \u00e4u\u00dfere Schallquellen in den Ohren oder im Kopf lokalisiert wahrgenommen werden. Teilweise ist auch ein Druck auf den Ohren damit verbunden. Solche Ger\u00e4usche nehmen ca. 10% der deutschen Bundesb\u00fcrger in ihrem Leben permanent wahr, ohne [&hellip;]<\/p>\n","protected":false},"author":2,"featured_media":0,"parent":76,"menu_order":6,"comment_status":"closed","ping_status":"closed","template":"","meta":{"_et_pb_use_builder":"on","_et_pb_old_content":"","_et_gb_content_width":"","footnotes":""},"class_list":["post-366","page","type-page","status-publish","hentry"],"_links":{"self":[{"href":"https:\/\/www.hno-tinnitus-freiburg.de\/cms\/wp-json\/wp\/v2\/pages\/366","targetHints":{"allow":["GET"]}}],"collection":[{"href":"https:\/\/www.hno-tinnitus-freiburg.de\/cms\/wp-json\/wp\/v2\/pages"}],"about":[{"href":"https:\/\/www.hno-tinnitus-freiburg.de\/cms\/wp-json\/wp\/v2\/types\/page"}],"author":[{"embeddable":true,"href":"https:\/\/www.hno-tinnitus-freiburg.de\/cms\/wp-json\/wp\/v2\/users\/2"}],"replies":[{"embeddable":true,"href":"https:\/\/www.hno-tinnitus-freiburg.de\/cms\/wp-json\/wp\/v2\/comments?post=366"}],"version-history":[{"count":28,"href":"https:\/\/www.hno-tinnitus-freiburg.de\/cms\/wp-json\/wp\/v2\/pages\/366\/revisions"}],"predecessor-version":[{"id":907,"href":"https:\/\/www.hno-tinnitus-freiburg.de\/cms\/wp-json\/wp\/v2\/pages\/366\/revisions\/907"}],"up":[{"embeddable":true,"href":"https:\/\/www.hno-tinnitus-freiburg.de\/cms\/wp-json\/wp\/v2\/pages\/76"}],"wp:attachment":[{"href":"https:\/\/www.hno-tinnitus-freiburg.de\/cms\/wp-json\/wp\/v2\/media?parent=366"}],"curies":[{"name":"wp","href":"https:\/\/api.w.org\/{rel}","templated":true}]}}